 = -24 + 33. Let w(d) = 5*d**2 + 1 - 3*d**2 + 22*d - 21*d + x*d**3 - 3*d**2. What is w(-1)?
-10
Let l(q) be the third derivative of q**4/24 + 2*q**3/3 - 43*q**2 - q. Calculate l(-14).
-10
Let i(d) = -7*d**3 + 4*d**2 - 3*d - 7. Let w(p) = 20*p**3 - 10*p**2 + 8*p + 20. Let h(b) = -8*i(b) - 3*w(b). Give h(-2).
20
Let l(v) = -v**3 + v**2 - v + 1. Let k(g) = -2*g**3 + 2*g**2 - 3*g + 2. Let b(h) = k(h) - 3*l(h). Let w be 3 - 13/((-91)/(-21)). Determine b(w).
-1
Let g(h) = 2*h**2 - 1 - 3*h**3 + 7*h - 7*h + h. Determine g(-2).
29
Suppose 3*k + 0*k + 4*t = -2, 0 = k - 3*t - 21. Let b be (-7 + k)*-45*1. Suppose 4*n = -s - 3*s, 4*s + b = 5*n. Let i(w) = 3*w + 5. Determine i(s).
-10
Let d(s) = -13*s - 19. Let m(c) = 15*c + 20. Let a(y) = -6*d(y) - 5*m(y). Give a(-5).
-1
Let q(v) = v**3 + 7*v**2 + 9*v + 6. Let b be (-55)/5 - 0 - -5. Calculate q(b).
-12
Let k(x) be the first derivative of -x**5/60 + x**4/4 + 2*x**3/3 - x**2 - 2. Let n(g) be the second derivative of k(g). Suppose -8 = -11*c + 58. Determine n(c).
4
Let f(b) = -b**2 - b + 1. Let i(z) = 2*z - 2. Let n(x) = -3*f(x) - 2*i(x). Suppose -4*j - 2*u = -5*u + 16, -3*j + 17 = 5*u. Let p be (-3)/j - 2/2. What is n(p)?
11
Let c(o) = -o**3 - 9*o**2 - 4. Let i = 113 + -122. Determine c(i).
-4
Suppose -d = -5*d + 12. Let n(y) = 323*y + 2 + 7*y**2 + 0 + y**d - 318*y. Calculate n(-7).
-33
Let q(k) = 0 + 6*k**2 - 28*k**3 - 3 + 29*k**3 - 2*k. Let b be (-175)/30 + 1/(-6). Give q(b).
9
Let n(x) = -4 + 12*x**2 - x**3 - 8*x**2 + 5 - 5. Suppose k = -3*k - 20. Let w be (6/5)/((-2)/k). Calculate n(w).
5
Let w(o) = o**3 - 5*o**2 + 8*o - 82. Let p be w(6). Let f(c) = -9*c**2. Determine f(p).
-36
Let t(r) = 2*r**2 - 1. Let c be t(-1). Let a(x) = -4*x**2 - 1 - 3*x + 2 + 1 + 1. Let n(m) = -12*m**2 - 8*m + 8. Let b(h) = -8*a(h) + 3*n(h). Determine b(c).
-4
Let l(k) = -k**3 - 11*k**2 - k - 5. Let v = -25 - -14. Give l(v).
6
Let l(c) = c**2 + 6*c - 5. Let h be l(-7). Let p = -5 + h. Let f be -4 + (6 - 3) + p. Let x(m) = m**2 + 5*m + 3. Give x(f).
-1
Suppose 0 = -4*y + 5*r + 18 - 2, 0 = -4*y + 4*r + 12. Let p be -5 + 7 + -5 - (y + -1). Let u(x) = -3*x + 1. What is u(p)?
4
Suppose -i = -13*q + 16*q - 16, 0 = 3*i + 2*q - 20. Let f(v) = -v**2 + 9*v - 2. What is f(i)?
18
Let h = 237 - 234. Let k(t) be the first derivative of t**4/4 - t**3 - t**2/2 - 3*t - 1. Calculate k(h).
-6
Suppose -84 = -9*z - 3. Let m(w) = w**3 - 10*w**2 + 9*w + 7. Give m(z).
7
Let v(w) = -w**3 + w**2 - w + 1. Let d(i) = -2*i + 2. Let q(o) = d(o) - v(o). Let a(l) = -l**2 - 4*l + 7. Let n be a(-5). Calculate q(n).
3
Suppose -162*v = -166*v. Let u(i) be the third derivative of i**6/120 + i**5/60 + i**4/24 - 2*i**3/3 - 8*i**2. What is u(v)?
-4
Let f = -38 + 36. Let t(q) = 4*q + 5. Let y be t(f). Let w(o) = 2*o**2 + 3*o - 3. Give w(y).
6
Let z(i) = i**2 + 28*i + 43. Let f be z(-26). Let d(p) = p**2 + 9*p - 3. Calculate d(f).
-3
Let p(n) be the second derivative of n**5/20 + n**4/6 - n**2/2 - n - 3. Give p(2).
15
Let t(k) = 2*k - 18. Let d(m) = -m**3 + 3*m**2 + 8*m - 8. Let i be d(4). Calculate t(i).
-2
Let h(v) = -74 + 19 + 28 + 2*v + 49. Give h(-9).
4
Let f(q) = 6 + 34*q - 29*q + 277*q**2 - 278*q**2. Give f(6).
0
Let p(y) = -45*y - 1672. Let k be p(-37). Let s(t) be the second derivative of -t**5/20 - 7*t**4/12 - 5*t**2/2 - t. Calculate s(k).
-5
Let h(f) = -4*f**2 - 2*f - 2. Suppose -17*m = -0*m + 34. Determine h(m).
-14
Suppose 34*u = 5*q + 37*u - 49, 0 = -4*q - 5*u + 47. Let w(h) = -h**3 + 7*h**2 + 6*h - 9. Give w(q).
-25
Let b be 0/2*(-6)/12. Suppose b*w - 4*w + 2*w = 0. Let f(j) = j**3 - j**2 - 9. Calculate f(w).
-9
Suppose 7*o - 85 = -71. Let l(j) = -20*j + 2. Determine l(o).
-38
Let f(k) be the second derivative of k**5/60 - k**4/4 + k**3/6 + 2*k**2 - 2*k. Let m(q) be the first derivative of f(q). Give m(5).
-4
Let q be (-505)/55 + -2 - 4/(-22). Let k(v) = 5*v**2 - 11*v - 16. Let s(p) = p**2 - 2*p - 3. Let j(u) = q*s(u) + 2*k(u). What is j(-5)?
-24
Let q(o) be the second derivative of 0 - 5/6*o**3 - 1/12*o**4 - 3/2*o**2 - 43*o. Determine q(-3).
3
Suppose 5 + 7 = 2*o. Let j(u) = 4*u - 2 - 2*u + u - 2. Let p(i) = 4*i - 3. Let q(f) = -3*j(f) + 2*p(f). What is q(o)?
0
Let a = -23 - -25. Suppose -4*c = -2*s - 26, a*s + 0*s = 3*c - 19. Let o(b) = 4*b - c*b - 3 - 2 + 3. Give o(3).
-11
Let y(d) = -3*d - 3 - 12 - 2 + 22. Suppose 0*c + 20 = 2*c. Let v be (c/(-4))/((-1)/2). Calculate y(v).
-10
Let t(p) = p**3 + 9*p**2 + 8*p - 6. Let m be 1 + (-45)/(-6)*(-12)/10. Give t(m).
-6
Let j(v) = v + 6. Let o(p) = 4*p + 18. Suppose 3*k + 3*m - 8 = -2, 2*m = 3*k + 9. Let l be (-44)/(-6) + k/3. Let x(u) = l*j(u) - 2*o(u). What is x(4)?
2
Let f(c) = 4*c**3 + 3*c**2 - 8. Let u(s) be the first derivative of s + 0*s**3 - 1/4*s**4 - 9 + 1/2*s**2. Let m(l) = -f(l) - 5*u(l). What is m(4)?
-1
Let o(b) = -b**2 - 8*b + 6. Suppose 58 = -g + 50. Give o(g).
6
Let l(n) = -2*n**2 + 20*n + 10. Let j(a) = -4*a**2 + 43*a + 21. Let x(u) = -3*j(u) + 5*l(u). Calculate x(15).
2
Let v be 8 - (-25)/(-5) - (5 - -1). Let z(h) be the third derivative of -h**5/30 - h**4/6 + 3*h**2. Give z(v).
-6
Let h(w) be the third derivative of -w**4/24 + w**3 - 2*w**2. Let p(d) = -d + 4. Let q be p(2). Suppose -2*l + 5*t = 2*l - 44, 3*l = -5*t - q. Give h(l).
0
Let w(u) = -u**3 - 33*u. Let h(f) = -34*f + 1. Let q(o) = h(o) - w(o). Let m = -1 - -4. Suppose -3 = m*g + 3. Determine q(g).
-5
Let o(g) = -5*g + 3. Let r(v) = 12*v - 7. Let z(k) = -5*o(k) - 2*r(k). Give z(-4).
-5
Let w(a) = 65*a**2 - 55*a**2 - 9*a**2 - 1 + a. Calculate w(-2).
1
Let f be (-3)/((-27)/2) - 520/(-90). Let y(p) = -p**2 + 6*p - 4. What is y(f)?
-4
Let t = -40 + 31. Let k = t - -7. Let c(x) = 2*x**2 + 3*x. Determine c(k).
2
Let y(w) = w**3 + 5*w**2 + 3*w - 5. Let o(z) = -z**2 + 5*z. Let b be o(5). Suppose -1 = -3*p + 5. Suppose p*j + b*j = -8. Give y(j).
-1
Let x(q) = -3*q**3 + 18*q**2 - 11*q + 13. Let y(f) = 2*f**3 - 12*f**2 + 7*f - 9. Let p(v) = 5*x(v) + 7*y(v). Let h = 668 + -663. Calculate p(h).
-3
Let q(j) = -4*j - 33. Let b be q(-9). Let n(u) = -10*u + 5*u - b + 3*u. Determine n(4).
-11
Let a(x) = x**2 - 26*x + 2. Let l(m) = -m**2 + 45*m - 3. Let t(d) = -7*a(d) - 4*l(d). Give t(0).
-2
Let v(h) = 1 + 0*h - 7*h + 8*h - 3*h**2. Let x(k) = 2*k**2 + 18*k - 5. Let n be x(-11). Let w be (-26)/n*3/2. Determine v(w).
-3
Let q(g) be the third derivative of -g**4/24 + g**3/3 - 5*g**2. Let c(h) = -h**2 - 4*h + 6. Let d be c(-5). Let l = 8 - d. Give q(l).
-5
Suppose 3*i + 3*u - 18 = 0, 4*u + 10 = 3*i + 5*u. Suppose -d - 25 = i*n - 4*d, -52 = 5*n - 4*d. Let p(t) = t**2 + 8*t - 7. Calculate p(n).
-7
Suppose -w + 35 = 14*y + 104, -w = 3*y + 14. Let q(s) = 4*s**3 + 2*s - 1. Calculate q(w).
5
Let w be 16/16 + 5*-1. Let k(z) = 2 - 21*z + z**2 + 25*z - 4. What is k(w)?
-2
Let t(o) = -4*o**2 - o**3 + 1 - 3*o**2 + 0*o**2 + 1. Let c be t(-7). Let q(n) = 6 - c*n + 6 - 4 + n. Calculate q(4).
4
Suppose -9*f + 19 + 26 = 0. Let w(v) = 2 - v**3 + 8*v - 4 + f*v**2 + 4*v**2 + 2*v**3. What is w(-8)?
-2
Let a(f) = 0*f + f**3 + 6*f**2 + 3 + 5*f - 2*f + 0*f**3. Determine a(-6).
-15
Let k(s) be the first derivative of -s**5/60 + 5*s**4/24 + s**3 + 3*s**2 + 1. Let m(h) be the second derivative of k(h). Give m(5).
6
Let d(s) = 43 + 9*s + 9*s + 22*s - 46*s + 10*s. What is d(-10)?
3
Let m = 87 - 84. Suppose m*i = -3 + 6, -2*i + 10 = -4*k. Let a(s) = -3*s - 2. What is a(k)?
4
Let w be 4/4*(2 - 1). Let h(z) = -32*z + 11. Let i(l) = 16*l. Let r(m) = -16*m + 1. Let s(p) = 4*i(p) + 5*r(p). Let c(g) = -6*h(g) + 13*s(g). What is c(w)?
-17
Let c(z) = -2*z**2 + 17*z + 8. Suppose 0 = -a + 4*f + 13, -7 = 86*a - 87*a - 2*f. Give c(a).
-1
Let v be -8 + -7*(-6)/7 - 4. Let u(k) = -k**3 - 5*k**2 + 8*k + 4. Calculate u(v).
-8
Let m be 1 + (1/(-3))/((-39)/(-585)). Let u(v) = -8*v + 4. Give u(m).
36
Let x(h) = -692129 + 692130 + 33*h + 12*h. Calculate x(1).
46
Let u(o) = 11*o - 6 + 4*o - 13*o. Suppose 4*h + j + j = 14, -h + 8 = -j. What is u(h)?
4
Let h be (-36)/(-21) + (-6)/(-21). Let k(q) = -9 - q**h - 17*q + 7*q - 3. Give k(-8).
4
Let z(j) = -1114*j + j**2 + 1 + 3 + 1119*j - 4. What is z(-6)?
6
Suppose t + 8 + 0 = 5*v, -5*t = 5*v + 10. Let l(g) = -g + 2*g**2 - 3*g**2 + 2*g**2 - 14*g**3. Give l(v).
-14
Let l(h) = 5*h**3 - 35*h**2 - 30*h - 21. Let g = 57 + -60. Let f(b) = 2*b**3 - 12*b**2 - 10*b -